
10
Let k(q) = -q. Let v(n) = 9*n - 2. Let j(d) = 2*k(d) + v(d). Let m be j(3). What is the greatest common factor of m and 171?
19
Suppose 4*i = -0*i - 5*f - 6, 0 = -2*f + 4. Let z(t) = 2*t**2 + 4*t + 3. Let o be z(i). What is the highest common factor of o and 19?
19
Let j be 37 - (5 + -9) - 2/1. Calculate the highest common factor of j and 169.
13
Let c be 99*(-10 + 11)*(3 + -2). What is the highest common factor of c and 1881?
99
Let a = -191 - -326. What is the greatest common divisor of 75 and a?
15
Suppose -4*p - 4 = 0, -2*p - 72 = -7*v + 2*v. Let f be (13 - -6)/(1/v). Let c = -106 + f. What is the highest common divisor of c and 32?
32
Suppose 4*a - 189 = a - 3*q, 0 = 5*a - q - 321. Let g be (a/16)/(2/8). Calculate the highest common factor of 4 and g.
4
Suppose 5*p - 5*c - 70 = 55, 2*p - 5*c = 41. Suppose 22 = -5*z - p. Let q be 15/z + (-81)/(-6). Calculate the greatest common factor of 132 and q.
12
Suppose s + 311 = 4*g + 3, 0 = 3*s - 12. Let w be 3/(-15) - g/(-15). Calculate the greatest common factor of 20 and w.
5
Suppose -3*d = 15*d - 486. What is the greatest common factor of d and 189?
27
Let f = 496 - 448. What is the highest common divisor of f and 264?
24
Let y = -82 + 85. What is the highest common divisor of 5 and y?
1
Suppose 3*u - 178 = -2*x, -2*x + 5*u + 125 = -21. Calculate the highest common divisor of 581 and x.
83
Let z = 21 - -235. What is the highest common factor of z and 4?
4
Let u be (-14 + -1)*((-371)/21 + 9). What is the highest common factor of u and 26?
26
Let a be (-2)/6*3*(-585 - 4). Calculate the highest common factor of a and 19.
19
Suppose 7*x - 2*m - 640 = 2*x, 2*x - 256 = -4*m. What is the highest common factor of x and 32?
32
Let q(z) = 71*z - 119. Let j be q(2). Let r(w) = 17*w**3 + 2. Let n be r(2). What is the greatest common divisor of n and j?
23
Let n = -37 - -37. Suppose g - 10 - 8 = n. What is the highest common factor of 90 and g?
18
Let b be ((-4)/3)/((32/732)/4). Let d = b - -302. Let o(n) = -5*n - 5. Let g be o(-5). Calculate the highest common divisor of d and g.
20
Let u be (-2 + -2 - -2)*(-144 - 8). What is the greatest common divisor of 80 and u?
16
Let w = -2 - -7. Suppose -4*n - w*y + 100 = 0, -3*n + 4*y + 48 = y. Let u = -19 - -79. What is the greatest common divisor of n and u?
20
Let i(v) = v**3 - 6*v**2 + 5*v - 9. Let z be i(7). Suppose -5*r = -40 - z. Let t be (-10)/15 + 556/6. What is the highest common divisor of t and r?
23
Let o be (-1875)/(-175) + (-6)/(-21). What is the highest common factor of 451 and o?
11
Let d be 33/4 + (-2)/8. Suppose d*a - 16 = 4*a. Calculate the greatest common factor of a and 44.
4
Let h = 11 - 17. Let u(y) = -7*y - 38. Let r be u(h). Calculate the greatest common divisor of r and 12.
4
Suppose -8*i + 6*i = -14. Let t(d) = -d**2 + 4*d - 9. Let o be t(i). Let k be o/165 - 488/(-22). Calculate the highest common factor of 33 and k.
11
Let g = -120 + 115. Let s be 2/g - (-799)/85. What is the highest common divisor of s and 6?
3
Let b be (-1)/4 - 8/(-32)*3073. What is the highest common factor of 48 and b?
48
Let u = 39 - 12. Suppose -2*d = -3*o - 6 + 1, 0 = o - d + 1. Let f be -4 - (-12 + 2) - o. Calculate the highest common factor of f and u.
9
Let j be 4/(-1 - -3) + 1. Let r be (20/(-8) + j)*110. Calculate the greatest common factor of r and 22.
11
Let f be 4 - (-66)/(-15) - (-874)/10. Suppose f = 5*t + 17. Calculate the highest common divisor of 14 and t.
14
Let m(z) = -14 - 31*z - 14 + 32. Let o be m(-2). Suppose u = 3*d - 188, -d - 3*u = -0*d - o. What is the greatest common divisor of d and 9?
9
Let a be (-5 - 0)/(10*6/(-24)). What is the highest common factor of 122 and a?
2
Let k(h) = 16*h - 4. Let w be k(1). What is the greatest common factor of 48 and w?
12
Let c = -41 + 141. Let g = -15 + c. Suppose 2*k = 21 + 13. What is the highest common factor of k and g?
17
Suppose -4*x = -3*u - 2*u - 123, -5*u = 5*x - 120. Calculate the greatest common divisor of x and 459.
27
Let z be (11 - (-306)/(-27))*-60. What is the highest common factor of 730 and z?
10
Suppose a - 3*n - 72 = -2*a, 0 = a - 2*n - 26. What is the greatest common factor of 198 and a?
22
Let y be (-3 + (-28)/(-8))*1*44. Suppose 0 = -5*n + 78 + y. Suppose 2*g - 13 = 47. Calculate the highest common divisor of g and n.
10
Let v be (-2 + -5 - 957/(-132)) + (-79)/(-4). Suppose -5*l - 5*x + x + 254 = 0, -97 = -2*l + 3*x. What is the highest common factor of l and v?
10
Suppose -396 = -6*n - 3*n. What is the highest common factor of n and 11?
11
Suppose -2*r - 81 = -3*x, 3 = 2*x + 3*r - 38. Suppose 5*l = -x, -5*w + 0*l = -4*l - 180. Calculate the highest common divisor of 48 and w.
16
Suppose 3*h - 1811 = z - 486, -5*h + z = -2207. What is the highest common factor of 7 and h?
7
Let q(w) = w - 2. Let p be q(6). Let f = -1480 - -1486. Calculate the greatest common divisor of p and f.
2
Suppose 392 + 1003 = 3*j. Calculate the highest common factor of j and 15.
15
Suppose 0 = -8*g + 6*g + 80. Let n = g - -8. What is the highest common divisor of 6 and n?
6
Let t(h) = -16*h + 1. Let p be t(2). Let v = 78 - 36. Let q = p + v. Calculate the greatest common factor of 11 and q.
11
Let l = -18 - -22. Suppose -4*x - 3*d - 19 = -116, -l*x - d = -91. What is the greatest common factor of 220 and x?
22
Let x be ((-12)/(-8)*(-348)/9)/(-1). Suppose 0 = 3*p - 61 + x. What is the greatest common divisor of p and 4?
1
Let h(x) = 2*x**3 + x**2 + 15*x - 31. Let c be h(3). Calculate the greatest common divisor of 847 and c.
77
Let o(j) = 13*j + 3. Let f be o(0). Suppose v + v + a + 1 = 0, -18 = 3*v - 4*a. Let z be v*(27/2)/(-3). What is the greatest common factor of z and f?
3
Let s(p) = 26*p. Let w be s(6). Suppose 5*a - w = -a. Calculate the highest common factor of a and 65.
13
Let u = -32 + 52. Let m be ((-70)/u)/((-2)/12). What is the greatest common factor of 3 and m?
3
Let o = -273 - -294. Calculate the greatest common factor of o and 21.
21
Suppose -2*n = n - 12. Let c(z) = -121*z - 569. Let w be c(-5). Calculate the greatest common factor of n and w.
4
Let o(n) = 3*n**2 + 27*n. Let k be o(-9). Suppose -7*w = -k*w - 119. Calculate the greatest common divisor of w and 51.
17
Let q = -8 - -8. Let o(w) = w**3 + w + 1. Let u be o(q). Suppose 0 = -4*g - 3*s + 39, -5*s = -3*g - g - u. What is the highest common divisor of g and 2?
2
Let v(i) = i**3 - 5*i**2 - 7*i - 51. Let h be v(9). What is the greatest common factor of h and 20?
10
Let z be ((-2)/(-4)*0/1)/(-1). Suppose 4*c - 31 - 9 = z. What is the greatest common divisor of c and 30?
10
Let w = -12 + 15. Suppose z - 1 = w. Suppose g = -z + 14. Calculate the greatest common factor of 40 and g.
10
Let p(q) = -q + 2*q + 4 - 1 - 6. Let y be p(7). Let t be y + -3 + (-80)/(-4). Calculate the highest common factor of t and 3.
3
Let j(g) be the first derivative of -g**2 - 46*g - 17. Let r be j(-26). Calculate the greatest common factor of r and 42.
6
Let u be 33*((-35)/(-15) - 2). Let q be (4/(-6))/((-4)/18). Suppose 5*t + 3*h = 440, 3*h = -q*t + 333 - 69. What is the highest common factor of u and t?
11
Suppose 29*o - 997 = -127. Calculate the highest common divisor of 40 and o.
10
Let d be 254/2 + (6/3 - -1). Calculate the greatest common divisor of d and 50.
10
Suppose -136 = 2*k - d - 173, 0 = 5*k - d - 91. Calculate the highest common divisor of k and 1638.
18
Let k(p) = p**2 - p - 2. Let l be k(3). What is the highest common divisor of l and 8?
4
Let x = -30 + 32. Suppose x*i = -8, 0 = -5*d + d + 4*i + 100. Let n = -177 - -366. Calculate the highest common factor of d and n.
21
Suppose 646*w - 57 = 645*w. What is the highest common factor of 38 and w?
19
Suppose -2*o + 4 = -4*z - 0, -3*o = -3*z - 15. Calculate the greatest common divisor of 8 and o.
8
Let n(i) = i**3 + 3*i**2 - 2*i + 11. Let s be n(-4). Suppose -5*a - s*g + 24 = -2*a, 5*g - 32 = -3*a. What is the greatest common divisor of 2 and a?
2
Suppose 2*v = 63 + 13. Let l = v + -123. Let y be 2/6 + l/(-15). What is the highest common factor of 18 and y?
6
Let s(c) = -c**3 - 12*c**2 - 2*c - 24. Let k be s(-12). Suppose 4*y - 5*y - 2*b = 7, k = b + 4. What is the highest common divisor of y and 9?
1
Let i = -12 - -78. Let d be -2 + 1 - (-44)/4. Suppose -2*a - 48 = -d*a. What is the greatest